{"id":851,"date":"2023-01-13T14:01:26","date_gmt":"2023-01-13T13:01:26","guid":{"rendered":"http:\/\/adirjan.com\/?page_id=851"},"modified":"2023-11-10T17:16:39","modified_gmt":"2023-11-10T16:16:39","slug":"raziya","status":"publish","type":"page","link":"https:\/\/adirjan.com\/?page_id=851","title":{"rendered":"RAZ\u00ceYA"},"content":{"rendered":"<div id=\"pl-851\"  class=\"panel-layout\" ><div id=\"pg-851-0\"  class=\"panel-grid panel-no-style\" ><div id=\"pgc-851-0-0\"  class=\"panel-grid-cell\" ><div id=\"panel-851-0-0-0\" class=\"so-panel widget widget_sow-editor panel-first-child panel-last-child\" data-index=\"0\" ><div\n\t\t\t\n\t\t\tclass=\"so-widget-sow-editor so-widget-sow-editor-base\"\n\t\t\t\n\t\t>\n<div class=\"siteorigin-widget-tinymce textwidget\">\n\t<p>Bir kovanc\u0131k ar\u0131m var<\/p>\n<p>Hayy Hu can, nefesim var<\/p>\n<p>Kuca\u011f\u0131mda saz\u0131m var<\/p>\n<p>Ax Raziya, Raziya<\/p>\n<p>&nbsp;<\/p>\n<p>Y\u00fcre\u011fimde z\u00e2r\u0131m var<\/p>\n<p>P\u00ea zerre mi kar\u0131m var<\/p>\n<p>I\u015f\u0131l I\u015f\u0131l n\u00e2r\u0131m var<\/p>\n<p>Ax Raziya, Raziya<\/p>\n<p>&nbsp;<\/p>\n<p>Dahilimde laser var<\/p>\n<p>Erd \u00fb ezm\u00fbn yarim var<\/p>\n<p>Nur-u Sebahat'\u0131m var<\/p>\n<p>Ax Raziya, Raziya<\/p>\n<p>&nbsp;<\/p>\n<p>Xer\u00eeb'im, ferman\u0131m var<\/p>\n<p>Homa'yla derman\u0131m var<\/p>\n<p>\u00c2lemde misalim var<\/p>\n<p>Ax Raziya, Raziya<\/p>\n<p>&nbsp;<\/p>\n<p>Ad\u0131r'\u0131m, ata\u015f\u0131m var<\/p>\n<p>\u00c7ak\u00fb\u00e7 Kawa m\u0131 de var<\/p>\n<p>In bext \u00fb dewlet kum'\u0131d var<\/p>\n<p>Ax Raziya, Raziya<\/p>\n<\/div>\n<\/div><\/div><\/div><\/div><\/div>","protected":false},"excerpt":{"rendered":"<p>Bir kovanc\u0131k ar\u0131m var Hayy Hu can, nefesim var Kuca\u011f\u0131mda saz\u0131m var Ax Raziya, Raziya &nbsp; Y\u00fcre\u011fimde z\u00e2r\u0131m var P\u00ea zerre mi kar\u0131m var I\u015f\u0131l I\u015f\u0131l n\u00e2r\u0131m var Ax Raziya, Raziya &nbsp; Dahilimde laser var E&#8230;<\/p>\n<p> <a class=\"continue-reading-link\" href=\"https:\/\/adirjan.com\/?page_id=851\"><span>Weiterlesen<\/span><i class=\"crycon-right-dir\"><\/i><\/a> <\/p>\n","protected":false},"author":1,"featured_media":0,"parent":14,"menu_order":0,"comment_status":"closed","ping_status":"closed","template":"","meta":{"footnotes":""},"class_list":["post-851","page","type-page","status-publish","hentry"],"_links":{"self":[{"href":"https:\/\/adirjan.com\/index.php?rest_route=\/wp\/v2\/pages\/851","targetHints":{"allow":["GET"]}}],"collection":[{"href":"https:\/\/adirjan.com\/index.php?rest_route=\/wp\/v2\/pages"}],"about":[{"href":"https:\/\/adirjan.com\/index.php?rest_route=\/wp\/v2\/types\/page"}],"author":[{"embeddable":true,"href":"https:\/\/adirjan.com\/index.php?rest_route=\/wp\/v2\/users\/1"}],"replies":[{"embeddable":true,"href":"https:\/\/adirjan.com\/index.php?rest_route=%2Fwp%2Fv2%2Fcomments&post=851"}],"version-history":[{"count":2,"href":"https:\/\/adirjan.com\/index.php?rest_route=\/wp\/v2\/pages\/851\/revisions"}],"predecessor-version":[{"id":884,"href":"https:\/\/adirjan.com\/index.php?rest_route=\/wp\/v2\/pages\/851\/revisions\/884"}],"up":[{"embeddable":true,"href":"https:\/\/adirjan.com\/index.php?rest_route=\/wp\/v2\/pages\/14"}],"wp:attachment":[{"href":"https:\/\/adirjan.com\/index.php?rest_route=%2Fwp%2Fv2%2Fmedia&parent=851"}],"curies":[{"name":"wp","href":"https:\/\/api.w.org\/{rel}","templated":true}]}}