{"id":447,"date":"2019-01-29T15:14:56","date_gmt":"2019-01-29T14:14:56","guid":{"rendered":"http:\/\/adirjan.com\/?page_id=447"},"modified":"2025-08-27T23:42:30","modified_gmt":"2025-08-27T21:42:30","slug":"history","status":"publish","type":"page","link":"https:\/\/adirjan.com\/?page_id=447","title":{"rendered":"History"},"content":{"rendered":"<div id=\"pl-447\"  class=\"panel-layout\" ><div id=\"pg-447-0\"  class=\"panel-grid panel-no-style\" ><div id=\"pgc-447-0-0\"  class=\"panel-grid-cell\" ><div id=\"panel-447-0-0-0\" class=\"so-panel widget widget_sow-tabs panel-first-child panel-last-child\" data-index=\"0\" ><div\n\t\t\t\n\t\t\tclass=\"so-widget-sow-tabs so-widget-sow-tabs-default-c8ae8268af7f-447\"\n\t\t\t\n\t\t><div class=\"sow-tabs\">\n\t<div class=\"sow-tabs-tab-container\" role=\"tablist\">\n\t\t\t<div\n\t\t\tclass=\"sow-tabs-tab\n\t\t\t sow-tabs-tab-selected\t\t\t\"\n\t\t\trole=\"tab\"\n\t\t\tdata-anchor-id=\"history\"\n\t\t\taria-selected=\"true\"\n\t\t\ttabindex=\"0\"\n\t\t>\n\t\t\t<div class=\"sow-tabs-title sow-tabs-title-icon-left\">\n\t\t\t\t\t\t\t\tHISTORY\t\t\t\t\t\t\t<\/div>\n\t\t<\/div>\n\t\t\t<div\n\t\t\tclass=\"sow-tabs-tab\n\t\t\t\t\t\t\"\n\t\t\trole=\"tab\"\n\t\t\tdata-anchor-id=\"hintergrund\"\n\t\t\taria-selected=\"false\"\n\t\t\ttabindex=\"0\"\n\t\t>\n\t\t\t<div class=\"sow-tabs-title sow-tabs-title-icon-left\">\n\t\t\t\t\t\t\t\tHINTERGRUND\t\t\t\t\t\t\t<\/div>\n\t\t<\/div>\n\t\t<\/div>\n\n\t<div class=\"sow-tabs-panel-container\">\n\t\t\t<div class=\"sow-tabs-panel\">\n\t\t\t<div\n\t\t\t\tclass=\"sow-tabs-panel-content\"\n\t\t\t\trole=\"tabpanel\"\n\t\t\t\taria-hidden=\"false\"\n\t\t\t>\n\t\t\t\t<p><strong>Adir Jan <\/strong>started to build up his first professional project <strong>Adirjam\u00a0<\/strong>together with Dave Sills on the cello and Conny Kreuter on the guitar. The trio soon began giving concerts, and were enthusiastically acclaimed in Berlin and beyond. In 2016 the singer-songwriter decided to continue as a solo artist with band.<\/p>\n<p>From the get-go, collaboration with other musicians was writ large on\u00a0<strong>Adir Jan<\/strong>\u2019s agenda \u2013 to date, with Hogir G\u00f6regen, Christos Drouzas,\u00a0Can Pera, Ioannis Stergiou, Deniz Mahir Kartal, Fahri Karaduman, Bilal Hammour, Halid Pestil, Ceyhun Kaya and Hasret Tiraz.<\/p>\n<p>This commitment to excellence and musical diversity is reflected in\u00a0<strong>Adir Jan<\/strong>\u2019s broad-ranging repertoire of original arrangements.<\/p>\n\t\t\t<\/div>\n\t\t<\/div>\n\t\t\t<div class=\"sow-tabs-panel\">\n\t\t\t<div\n\t\t\t\tclass=\"sow-tabs-panel-content\"\n\t\t\t\trole=\"tabpanel\"\n\t\t\t\taria-hidden=\"true\"\n\t\t\t>\n\t\t\t\t<p>Im Fr\u00fchjahr 2014 gr\u00fcndet der queere Singer-Songwriter und Temb\u00fbrist (Langhalslaute)\u00a0<strong>Adir Jan <\/strong>nach mehreren Jahren Experimentierens sein erstes professionelles Projekt\u00a0<em><strong>Adir Jan<\/strong><\/em>, ehemals <em><strong>Adirjam<\/strong><\/em><strong>,<\/strong> und wird von Berlin und seinen Menschen begeistert aufgenommen. Bereits im Winter 2014 wird <strong>Adir Jan<\/strong> unter die \u201cTop 20 of Indie Artists of Middle Eastern Music\u201d gek\u00fcrt. <em>VICE.com<\/em> bezeichnet sein Band-Projekt als \u201cThe new faces of Kurdish art rock\u201d.<br \/>\n2016 trifft der Liedermacher schlie\u00dflich die Entscheidung, fortan unter seinem eigenen Namen als Solok\u00fcnstler und auch mit Band weiter zu arbeiten.<\/p>\n<p>Von Anbeginn \u00f6ffnet sich\u00a0<strong>Adir Jan<\/strong> f\u00fcr fruchtende Zusammenarbeit mit weiteren Musiker*innen wie Hogir G\u00f6regen, Christos Drouzas,\u00a0Can Pera, Ioannis Stergiou,<br \/>\nDeniz Mahir Kartal, Fahri Karaduman, Bilal Hammour, Halid Pestil, Ceyhun Kaya and Hasret Tiraz. sodass die ausgekl\u00fcgelten Arrangements zu einem warmen, spielerischen und gleichsam anspruchsvollen Sound reifen.<\/p>\n\t\t\t<\/div>\n\t\t<\/div>\n\t\t<\/div>\n<\/div>\n<\/div><\/div><\/div><div id=\"pgc-447-0-1\"  class=\"panel-grid-cell\" ><div id=\"panel-447-0-1-0\" class=\"so-panel widget widget_sow-image panel-first-child panel-last-child\" data-index=\"1\" ><div\n\t\t\t\n\t\t\tclass=\"so-widget-sow-image so-widget-sow-image-default-a258e6bfa2d8-447\"\n\t\t\t\n\t\t>\n<div class=\"sow-image-container\">\n\t\t<img \n\tsrc=\"https:\/\/adirjan.com\/wp-content\/uploads\/2018\/12\/Adir-Jan-2.jpg\" width=\"667\" height=\"1000\" srcset=\"https:\/\/adirjan.com\/wp-content\/uploads\/2018\/12\/Adir-Jan-2.jpg 667w, https:\/\/adirjan.com\/wp-content\/uploads\/2018\/12\/Adir-Jan-2-200x300.jpg 200w, https:\/\/adirjan.com\/wp-content\/uploads\/2018\/12\/Adir-Jan-2-100x150.jpg 100w\" sizes=\"(max-width: 667px) 100vw, 667px\" title=\"Adir Jan (2)\" alt=\"\" \t\tclass=\"so-widget-image\"\/>\n\t<\/div>\n\n<\/div><\/div><\/div><\/div><\/div>","protected":false},"excerpt":{"rendered":"<p>HISTORY HINTERGRUND Adir Jan started to build up his first professional project Adirjam\u00a0together with Dave Sills on the cello and Conny Kreuter on the guitar. The trio soon began giving concerts, and &#8230;<\/p>\n<p> <a class=\"continue-reading-link\" href=\"https:\/\/adirjan.com\/?page_id=447\"><span>Weiterlesen<\/span><i class=\"crycon-right-dir\"><\/i><\/a> <\/p>\n","protected":false},"author":1,"featured_media":0,"parent":0,"menu_order":0,"comment_status":"closed","ping_status":"closed","template":"","meta":{"footnotes":""},"class_list":["post-447","page","type-page","status-publish","hentry"],"_links":{"self":[{"href":"https:\/\/adirjan.com\/index.php?rest_route=\/wp\/v2\/pages\/447","targetHints":{"allow":["GET"]}}],"collection":[{"href":"https:\/\/adirjan.com\/index.php?rest_route=\/wp\/v2\/pages"}],"about":[{"href":"https:\/\/adirjan.com\/index.php?rest_route=\/wp\/v2\/types\/page"}],"author":[{"embeddable":true,"href":"https:\/\/adirjan.com\/index.php?rest_route=\/wp\/v2\/users\/1"}],"replies":[{"embeddable":true,"href":"https:\/\/adirjan.com\/index.php?rest_route=%2Fwp%2Fv2%2Fcomments&post=447"}],"version-history":[{"count":31,"href":"https:\/\/adirjan.com\/index.php?rest_route=\/wp\/v2\/pages\/447\/revisions"}],"predecessor-version":[{"id":985,"href":"https:\/\/adirjan.com\/index.php?rest_route=\/wp\/v2\/pages\/447\/revisions\/985"}],"wp:attachment":[{"href":"https:\/\/adirjan.com\/index.php?rest_route=%2Fwp%2Fv2%2Fmedia&parent=447"}],"curies":[{"name":"wp","href":"https:\/\/api.w.org\/{rel}","templated":true}]}}

<div id="pl-447"  class="panel-layout" ><div id="pg-447-0"  class="panel-grid panel-no-style" ><div id="pgc-447-0-0"  class="panel-grid-cell" ><div id="panel-447-0-0-0" class="so-panel widget widget_sow-tabs panel-first-child panel-last-child" data-index="0" ><div
			
			class="so-widget-sow-tabs so-widget-sow-tabs-default-c8ae8268af7f-447"
			
		><div class="sow-tabs">
	<div class="sow-tabs-tab-container" role="tablist">
			<div
			class="sow-tabs-tab
			 sow-tabs-tab-selected			"
			role="tab"
			data-anchor-id="history"
			aria-selected="true"
			tabindex="0"
		>
			<div class="sow-tabs-title sow-tabs-title-icon-left">
								HISTORY							</div>
		</div>
			<div
			class="sow-tabs-tab
						"
			role="tab"
			data-anchor-id="hintergrund"
			aria-selected="false"
			tabindex="0"
		>
			<div class="sow-tabs-title sow-tabs-title-icon-left">
								HINTERGRUND							</div>
		</div>
		</div>

	<div class="sow-tabs-panel-container">
			<div class="sow-tabs-panel">
			<div
				class="sow-tabs-panel-content"
				role="tabpanel"
				aria-hidden="false"
			>
				<p><strong>Adir Jan </strong>started to build up his first professional project <strong>Adirjam </strong>together with Dave Sills on the cello and Conny Kreuter on the guitar. The trio soon began giving concerts, and were enthusiastically acclaimed in Berlin and beyond. In 2016 the singer-songwriter decided to continue as a solo artist with band.</p>
<p>From the get-go, collaboration with other musicians was writ large on <strong>Adir Jan</strong>’s agenda – to date, with Hogir Göregen, Christos Drouzas, Can Pera, Ioannis Stergiou, Deniz Mahir Kartal, Fahri Karaduman, Bilal Hammour, Halid Pestil, Ceyhun Kaya and Hasret Tiraz.</p>
<p>This commitment to excellence and musical diversity is reflected in <strong>Adir Jan</strong>’s broad-ranging repertoire of original arrangements.</p>
			</div>
		</div>
			<div class="sow-tabs-panel">
			<div
				class="sow-tabs-panel-content"
				role="tabpanel"
				aria-hidden="true"
			>
				<p>Im Frühjahr 2014 gründet der queere Singer-Songwriter und Tembûrist (Langhalslaute) <strong>Adir Jan </strong>nach mehreren Jahren Experimentierens sein erstes professionelles Projekt <em><strong>Adir Jan</strong></em>, ehemals <em><strong>Adirjam</strong></em><strong>,</strong> und wird von Berlin und seinen Menschen begeistert aufgenommen. Bereits im Winter 2014 wird <strong>Adir Jan</strong> unter die “Top 20 of Indie Artists of Middle Eastern Music” gekürt. <em>VICE.com</em> bezeichnet sein Band-Projekt als “The new faces of Kurdish art rock”.<br />
2016 trifft der Liedermacher schließlich die Entscheidung, fortan unter seinem eigenen Namen als Solokünstler und auch mit Band weiter zu arbeiten.</p>
<p>Von Anbeginn öffnet sich <strong>Adir Jan</strong> für fruchtende Zusammenarbeit mit weiteren Musiker*innen wie Hogir Göregen, Christos Drouzas, Can Pera, Ioannis Stergiou,<br />
Deniz Mahir Kartal, Fahri Karaduman, Bilal Hammour, Halid Pestil, Ceyhun Kaya and Hasret Tiraz. sodass die ausgeklügelten Arrangements zu einem warmen, spielerischen und gleichsam anspruchsvollen Sound reifen.</p>
			</div>
		</div>
		</div>
</div>
</div></div></div><div id="pgc-447-0-1"  class="panel-grid-cell" ><div id="panel-447-0-1-0" class="so-panel widget widget_sow-image panel-first-child panel-last-child" data-index="1" ><div
			
			class="so-widget-sow-image so-widget-sow-image-default-a258e6bfa2d8-447"
			
		>
<div class="sow-image-container">
		<img 
	src="https://adirjan.com/wp-content/uploads/2018/12/Adir-Jan-2.jpg" width="667" height="1000" srcset="https://adirjan.com/wp-content/uploads/2018/12/Adir-Jan-2.jpg 667w, https://adirjan.com/wp-content/uploads/2018/12/Adir-Jan-2-200x300.jpg 200w, https://adirjan.com/wp-content/uploads/2018/12/Adir-Jan-2-100x150.jpg 100w" sizes="(max-width: 667px) 100vw, 667px" title="Adir Jan (2)" alt="" 		class="so-widget-image"/>
	</div>

</div></div></div></div></div>
