{"id":429,"date":"2019-01-25T16:48:20","date_gmt":"2019-01-25T15:48:20","guid":{"rendered":"http:\/\/adirjan.com\/?page_id=429"},"modified":"2019-05-29T22:47:50","modified_gmt":"2019-05-29T20:47:50","slug":"asq-u-evin-love","status":"publish","type":"page","link":"https:\/\/adirjan.com\/?page_id=429","title":{"rendered":"A\u015eQ \u00db EV\u00ceN (Love)"},"content":{"rendered":"<div id=\"pl-429\"  class=\"panel-layout\" ><div id=\"pg-429-0\"  class=\"panel-grid panel-no-style\" ><div id=\"pgc-429-0-0\"  class=\"panel-grid-cell\" ><div id=\"panel-429-0-0-0\" class=\"so-panel widget widget_sow-tabs panel-first-child panel-last-child\" data-index=\"0\" ><div\n\t\t\t\n\t\t\tclass=\"so-widget-sow-tabs so-widget-sow-tabs-default-ccac65592fd6-429\"\n\t\t\t\n\t\t><div class=\"sow-tabs\">\n\t<div class=\"sow-tabs-tab-container\" role=\"tablist\">\n\t\t\t<div\n\t\t\tclass=\"sow-tabs-tab\n\t\t\t sow-tabs-tab-selected\t\t\t\"\n\t\t\trole=\"tab\"\n\t\t\tdata-anchor-id=\"asq-u-evin\"\n\t\t\taria-selected=\"true\"\n\t\t\ttabindex=\"0\"\n\t\t>\n\t\t\t<div class=\"sow-tabs-title sow-tabs-title-icon-left\">\n\t\t\t\t\t\t\t\tA\u015eQ \u00db EV\u00ceN\t\t\t\t\t\t\t<\/div>\n\t\t<\/div>\n\t\t\t<div\n\t\t\tclass=\"sow-tabs-tab\n\t\t\t\t\t\t\"\n\t\t\trole=\"tab\"\n\t\t\tdata-anchor-id=\"love\"\n\t\t\taria-selected=\"false\"\n\t\t\ttabindex=\"0\"\n\t\t>\n\t\t\t<div class=\"sow-tabs-title sow-tabs-title-icon-left\">\n\t\t\t\t\t\t\t\tLOVE\t\t\t\t\t\t\t<\/div>\n\t\t<\/div>\n\t\t\t<div\n\t\t\tclass=\"sow-tabs-tab\n\t\t\t\t\t\t\"\n\t\t\trole=\"tab\"\n\t\t\tdata-anchor-id=\"liebe\"\n\t\t\taria-selected=\"false\"\n\t\t\ttabindex=\"0\"\n\t\t>\n\t\t\t<div class=\"sow-tabs-title sow-tabs-title-icon-left\">\n\t\t\t\t\t\t\t\tLIEBE\t\t\t\t\t\t\t<\/div>\n\t\t<\/div>\n\t\t\t<div\n\t\t\tclass=\"sow-tabs-tab\n\t\t\t\t\t\t\"\n\t\t\trole=\"tab\"\n\t\t\tdata-anchor-id=\"ask-ve-sevgi\"\n\t\t\taria-selected=\"false\"\n\t\t\ttabindex=\"0\"\n\t\t>\n\t\t\t<div class=\"sow-tabs-title sow-tabs-title-icon-left\">\n\t\t\t\t\t\t\t\tA\u015eK VE SEVG\u0130\t\t\t\t\t\t\t<\/div>\n\t\t<\/div>\n\t\t<\/div>\n\n\t<div class=\"sow-tabs-panel-container\">\n\t\t\t<div class=\"sow-tabs-panel\">\n\t\t\t<div\n\t\t\t\tclass=\"sow-tabs-panel-content\"\n\t\t\t\trole=\"tabpanel\"\n\t\t\t\taria-hidden=\"false\"\n\t\t\t>\n\t\t\t\t<p>Yo laj, yo k\u00eana<br \/>\nPiya \u015fin\u00ee v\u00ear la<br \/>\nDest \u2019ib dest yob\u00een ra has k\u00ean<br \/>\nYob\u00een \u00fbny\u00ean \u00fb h\u00fby\u00ean<\/p>\n<p>Ax, \u00e7end we\u015f o, a\u015fq \u00fb ev\u00een<br \/>\nWa ciyakerdi\u015f\u2019\u00eez nib\u00een<br \/>\nMa tim zerkoti\u015f\u00ee qewul bik\u00ear\u00ee<br \/>\nWa bik\u00ear\u00ee<\/p>\n<p>La, eke k\u00eanek k\u00eanek ra<br \/>\nYo laj yo lajek\u00ee b\u00een ra<br \/>\nHas bikir se \u015fima\u2019r \u00e7i yo<br \/>\nDe vaj \u2013 in zerkoti\u015f niyo<\/p>\n<p>Ez has kenu\/a, ti has ken\u00ee\/a<br \/>\nKum kum\u00ee ra d\u00eard \u00e7\u00eab niyo<br \/>\nKum lew napa kum derd niyo<br \/>\nIn ke muhim a\u015fq \u00fb ev\u00een o<\/p>\n<p>\u015eima ma k\u00ee\u015ft, laj \u00fb k\u00eana<br \/>\nDe bo, dayk\u00ea ma berm\u00ean\u00ee<br \/>\nBes o! C\u00eeg\u00ear ma v\u00ea\u015fn\u00ean\u00ee<br \/>\nBes o! Ma qewul bik\u00ear\u00ee<\/p>\n<p><em><br \/>\nLyrics &amp; Music: Adir Jan<br \/>\nLanguage: Zaza<br \/>\nArrangement: Conny Kreuter, Dave Sills,<br \/>\nHogir G\u00f6regen, Adir Jan<\/em><\/p>\n<h4>One day there will be a world,<br \/>\nin which every kind of loving<br \/>\nwill not be only an illusion,<br \/>\nbut will just be.<br \/>\nForgiveness is liberating.<\/h4>\n\t\t\t<\/div>\n\t\t<\/div>\n\t\t\t<div class=\"sow-tabs-panel\">\n\t\t\t<div\n\t\t\t\tclass=\"sow-tabs-panel-content\"\n\t\t\t\trole=\"tabpanel\"\n\t\t\t\taria-hidden=\"true\"\n\t\t\t>\n\t\t\t\t<p>A boy and a girl<br \/>\nDrift as one along the riverbank<br \/>\nHand in hand they love each other<br \/>\nLaugh, and gaze at each other<\/p>\n<p>How beautiful love is<br \/>\n\u2026without discrimination<br \/>\nLet\u2019s all just accept<br \/>\nAll this loving<\/p>\n<p>Yet what about when a girl loves a girl,<br \/>\nOr a boy loves a boy?<br \/>\nWell, what business is it of yours?<br \/>\nIs this too not love? \u2013 Speak up!<\/p>\n<p>I love, just as you do.<br \/>\nWho loves who, is nobody\u2019s business<br \/>\nWho kisses who, is not the issue<br \/>\nWhat counts is love \u2014 and love alone<\/p>\n<p>You killed us,<br \/>\nBoys and girls alike<br \/>\nSee how our mothers weep<br \/>\nEnough now! You are breaking our hearts<br \/>\nEnough now! Acknowledge us!<\/p>\n<p>&nbsp;<\/p>\n<p><em>Lyrics &amp; Music: Adir Jan<br \/>\nLanguage: Zaza<br \/>\nArrangement: Conny Kreuter, Dave Sills,<br \/>\nHogir G\u00f6regen, Adir Jan<\/em><br \/>\n<em>Translation<\/em>: Jill Denton<\/p>\n<h4>One day there will be a world,<br \/>\nin which every kind of loving<br \/>\nwill not be only an illusion,<br \/>\nbut will just be.<br \/>\nForgiveness is liberating.<\/h4>\n\t\t\t<\/div>\n\t\t<\/div>\n\t\t\t<div class=\"sow-tabs-panel\">\n\t\t\t<div\n\t\t\t\tclass=\"sow-tabs-panel-content\"\n\t\t\t\trole=\"tabpanel\"\n\t\t\t\taria-hidden=\"true\"\n\t\t\t>\n\t\t\t\t<p>Ein Junge und ein M\u00e4dchen<br \/>\nSchlendern gemeinsam ans Fl\u00fcsschen<br \/>\nHand in Hand lieben sie sich<br \/>\nLachen und betrachten sich<\/p>\n<p>Wie sch\u00f6n ist doch die Liebe<br \/>\n\u2026fern jeglicher Diskriminierung<br \/>\nLasst uns akzeptieren<br \/>\nJede Form des Liebens<\/p>\n<p>Doch wenn nun ein M\u00e4dchen ein M\u00e4dchen<br \/>\nEin Junge einen andren Jungen<br \/>\nLiebt \u2013 Was geht\u2019s euch an<br \/>\nIst das denn keine Liebe \u2013 sprecht!<\/p>\n<p>Ich liebe, das tust auch du<br \/>\nWer wen liebt, geht niemanden etwas an<br \/>\nWer wen k\u00fcsst, nicht von Belang<br \/>\nDas, was z\u00e4hlt, ist die Liebe<\/p>\n<p>Ihr brachtet uns um<br \/>\nJungen wie M\u00e4dchen<br \/>\nSeht, wie unsre M\u00fctter weinen<br \/>\nGenug! Es schmerzt uns das Herz<br \/>\nGenug \u2013 erkennt uns an!<\/p>\n<p><em><br \/>\nText &amp; Musik: Adir Jan<br \/>\nOriginalsprache: Zazaisch<br \/>\nArrangement: Conny Kreuter, Dave Sills,<br \/>\nHogir G\u00f6regen, Adir Jan<br \/>\n\u00dcbersetzung: Adir Jan mit Koray Y\u0131lmaz-G\u00fcnay<br \/>\n<\/em><\/p>\n<h4>Es wird einmal eine Welt sein,<br \/>\nin der jede Art des Liebens<br \/>\nnicht nur Schein, sondern auch<br \/>\nSein sein wird. Vergebung befreit.<\/h4>\n\t\t\t<\/div>\n\t\t<\/div>\n\t\t\t<div class=\"sow-tabs-panel\">\n\t\t\t<div\n\t\t\t\tclass=\"sow-tabs-panel-content\"\n\t\t\t\trole=\"tabpanel\"\n\t\t\t\taria-hidden=\"true\"\n\t\t\t>\n\t\t\t\t<p style=\"font-weight: 400\">Bir o\u011flanla bir k\u0131z<br \/>\nY\u00fcr\u00fcyor dere kenar\u0131na<br \/>\nElele tutu\u015fmu\u015f seviyorlar birbirlerini<br \/>\nG\u00fcl\u00fc\u015f\u00fcp bak\u0131\u015f\u0131yorlar<\/p>\n<p style=\"font-weight: 400\">Ah, ne g\u00fczeldir a\u015fk ve sevgi<br \/>\nAyr\u0131m yap\u0131lmayan yerde<br \/>\nKabul edelim<br \/>\nB\u00fct\u00fcn a\u015fklar\u0131<\/p>\n<p style=\"font-weight: 400\">Ama bir k\u0131z bir k\u0131z\u0131<br \/>\nBir o\u011flan bir o\u011flan\u0131<br \/>\nSeviyorsa \u2013 Size ne bundan?<br \/>\nS\u00f6yle, bu a\u015fk de\u011fil mi?<\/p>\n<p style=\"font-weight: 400\">Ben seviyorum, sen seviyorsun<br \/>\nKim kimi sevmi\u015f kime ne?<br \/>\nKim kimi \u00f6pm\u00fc\u015f sana ne?<br \/>\nA\u015fk ve sevgi m\u00fchim olan.<\/p>\n<p style=\"font-weight: 400\">\u00d6ld\u00fcrd\u00fcn\u00fcz bizi<br \/>\nO\u011flan\u0131n\u0131 k\u0131z\u0131n\u0131<br \/>\nBak\u0131n, annelerimiz a\u011fl\u0131yor<br \/>\nYeter ci\u011ferimizi yakt\u0131\u011f\u0131n\u0131z<br \/>\nYeter art\u0131k \u2013 kabul edin bizi<\/p>\n<p style=\"font-weight: 400\"><i>S\u00f6z, M\u00fczik: Adir Jan<\/i><br \/>\n<i>Orijinal Dili: Zazaca<\/i><br \/>\n<i>Aranjman: Conny Kreuter, Dave Sills,<br \/>\nHogir G\u00f6regen, Adir Jan<\/i><br \/>\n<i>\u00c7eviri : Koray Y\u0131lmaz-G\u00fcnay,\u00a0<\/i>Adir Jan<\/p>\n<h4>Bir g\u00fcn d\u00fcnya \u00f6yle olacak ki,<br \/>\na\u015fk sadece bir hayal olarak de\u011fil<br \/>\nhakikaten ya\u015fan\u0131yor olacak.<br \/>\nBa\u011f\u0131\u015flamak \u00f6zg\u00fcrle\u015ftiricidir.<\/h4>\n<p>&nbsp;<\/p>\n\t\t\t<\/div>\n\t\t<\/div>\n\t\t<\/div>\n<\/div>\n<\/div><\/div><\/div><\/div><\/div>","protected":false},"excerpt":{"rendered":"<p>A\u015eQ \u00db EV\u00ceN LOVE LIEBE A\u015eK VE SEVG\u0130 Yo laj, yo k\u00eana Piya \u015fin\u00ee v\u00ear la Dest \u2019ib dest yob\u00een ra has k\u00ean Yob\u00een \u00fbny\u00ean \u00fb h\u00fby\u00ean Ax, \u00e7end we\u015f o, a\u015fq \u00fb ev\u00een Wa ciyakerdi\u015f\u2019\u00eez nib\u00een Ma tim zerkoti\u015f\u00ee qewul bik\u00ear\u00ee W&#8230;<\/p>\n<p> <a class=\"continue-reading-link\" href=\"https:\/\/adirjan.com\/?page_id=429\"><span>Weiterlesen<\/span><i class=\"crycon-right-dir\"><\/i><\/a> <\/p>\n","protected":false},"author":1,"featured_media":0,"parent":0,"menu_order":0,"comment_status":"closed","ping_status":"closed","template":"","meta":{"footnotes":""},"class_list":["post-429","page","type-page","status-publish","hentry"],"_links":{"self":[{"href":"https:\/\/adirjan.com\/index.php?rest_route=\/wp\/v2\/pages\/429","targetHints":{"allow":["GET"]}}],"collection":[{"href":"https:\/\/adirjan.com\/index.php?rest_route=\/wp\/v2\/pages"}],"about":[{"href":"https:\/\/adirjan.com\/index.php?rest_route=\/wp\/v2\/types\/page"}],"author":[{"embeddable":true,"href":"https:\/\/adirjan.com\/index.php?rest_route=\/wp\/v2\/users\/1"}],"replies":[{"embeddable":true,"href":"https:\/\/adirjan.com\/index.php?rest_route=%2Fwp%2Fv2%2Fcomments&post=429"}],"version-history":[{"count":19,"href":"https:\/\/adirjan.com\/index.php?rest_route=\/wp\/v2\/pages\/429\/revisions"}],"predecessor-version":[{"id":527,"href":"https:\/\/adirjan.com\/index.php?rest_route=\/wp\/v2\/pages\/429\/revisions\/527"}],"wp:attachment":[{"href":"https:\/\/adirjan.com\/index.php?rest_route=%2Fwp%2Fv2%2Fmedia&parent=429"}],"curies":[{"name":"wp","href":"https:\/\/api.w.org\/{rel}","templated":true}]}}