{"id":419,"date":"2019-01-25T16:41:02","date_gmt":"2019-01-25T15:41:02","guid":{"rendered":"http:\/\/adirjan.com\/?page_id=419"},"modified":"2020-09-26T18:22:37","modified_gmt":"2020-09-26T16:22:37","slug":"bayke-mi-dad-2","status":"publish","type":"page","link":"https:\/\/adirjan.com\/?page_id=419","title":{"rendered":"BAYK\u00ca MI (Dad)"},"content":{"rendered":"<div id=\"pl-419\"  class=\"panel-layout\" ><div id=\"pg-419-0\"  class=\"panel-grid panel-no-style\" ><div id=\"pgc-419-0-0\"  class=\"panel-grid-cell\" ><div id=\"panel-419-0-0-0\" class=\"so-panel widget widget_sow-tabs panel-first-child panel-last-child\" data-index=\"0\" ><div\n\t\t\t\n\t\t\tclass=\"so-widget-sow-tabs so-widget-sow-tabs-default-ccac65592fd6-419\"\n\t\t\t\n\t\t><div class=\"sow-tabs\">\n\t<div class=\"sow-tabs-tab-container\" role=\"tablist\">\n\t\t\t<div\n\t\t\tclass=\"sow-tabs-tab\n\t\t\t sow-tabs-tab-selected\t\t\t\"\n\t\t\trole=\"tab\"\n\t\t\tdata-anchor-id=\"bayke-mi\"\n\t\t\taria-selected=\"true\"\n\t\t\ttabindex=\"0\"\n\t\t>\n\t\t\t<div class=\"sow-tabs-title sow-tabs-title-icon-left\">\n\t\t\t\t\t\t\t\tBAYK\u00ca MI\t\t\t\t\t\t\t<\/div>\n\t\t<\/div>\n\t\t\t<div\n\t\t\tclass=\"sow-tabs-tab\n\t\t\t\t\t\t\"\n\t\t\trole=\"tab\"\n\t\t\tdata-anchor-id=\"dad\"\n\t\t\taria-selected=\"false\"\n\t\t\ttabindex=\"0\"\n\t\t>\n\t\t\t<div class=\"sow-tabs-title sow-tabs-title-icon-left\">\n\t\t\t\t\t\t\t\tDAD\t\t\t\t\t\t\t<\/div>\n\t\t<\/div>\n\t\t\t<div\n\t\t\tclass=\"sow-tabs-tab\n\t\t\t\t\t\t\"\n\t\t\trole=\"tab\"\n\t\t\tdata-anchor-id=\"mein-vater\"\n\t\t\taria-selected=\"false\"\n\t\t\ttabindex=\"0\"\n\t\t>\n\t\t\t<div class=\"sow-tabs-title sow-tabs-title-icon-left\">\n\t\t\t\t\t\t\t\tMEIN VATER\t\t\t\t\t\t\t<\/div>\n\t\t<\/div>\n\t\t\t<div\n\t\t\tclass=\"sow-tabs-tab\n\t\t\t\t\t\t\"\n\t\t\trole=\"tab\"\n\t\t\tdata-anchor-id=\"babam\"\n\t\t\taria-selected=\"false\"\n\t\t\ttabindex=\"0\"\n\t\t>\n\t\t\t<div class=\"sow-tabs-title sow-tabs-title-icon-left\">\n\t\t\t\t\t\t\t\tBABAM\t\t\t\t\t\t\t<\/div>\n\t\t<\/div>\n\t\t<\/div>\n\n\t<div class=\"sow-tabs-panel-container\">\n\t\t\t<div class=\"sow-tabs-panel\">\n\t\t\t<div\n\t\t\t\tclass=\"sow-tabs-panel-content\"\n\t\t\t\trole=\"tabpanel\"\n\t\t\t\taria-hidden=\"false\"\n\t\t\t>\n\t\t\t\t<p>Hela ke bayk\u00ea tu miren<br \/>\n\u00c7en\u00eak zehmet o<br \/>\nT\u00eana bayk tu nib\u00ee se<br \/>\n\u00dbmbaz tu b\u00ee se<\/p>\n<p>Ez \u015fiyo, awk biyar\u00ee<br \/>\nBayk\u00ea mi merdo<\/p>\n<p>H\u00eawax day\u00ea, h\u00eawax\u00ea<br \/>\nMa t\u00eana m\u00eand\u00ee<br \/>\nH\u00eawax way\u00ea, lo bira<br \/>\nMa t\u00eana m\u00eand\u00ee<\/p>\n<p>Bayk\u00ea mi zaf \u015f\u00eer\u00een biyo<br \/>\nQet yers nib\u00eeno<br \/>\nZerr yi pak, b\u00ea xirab\u00ee<br \/>\nMi qewul kerdo<\/p>\n<p>Niwe\u015f koto, v\u00ear ma\u2019d o<br \/>\nTi ra mevaj\u00ee<br \/>\nQans\u00ear \u00fbm\u00ea, v\u00ear ma\u2019d o<br \/>\nTi ra mevaj\u00ee<\/p>\n<p><em><br \/>\nLyrics &amp; Music: Adir Jan<br \/>\nLanguage: Zaza<br \/>\nArrangement: <\/em><em>Dave Sills, <\/em><em>Conny Kreuter,<br \/>\n<\/em><em>Hogir G\u00f6regen, Adir Jan<\/em><\/p>\n<h4>The soul will naturally leave its husk behind<br \/>\nand continue on its path.<br \/>\nIt is everlasting.<\/h4>\n\t\t\t<\/div>\n\t\t<\/div>\n\t\t\t<div class=\"sow-tabs-panel\">\n\t\t\t<div\n\t\t\t\tclass=\"sow-tabs-panel-content\"\n\t\t\t\trole=\"tabpanel\"\n\t\t\t\taria-hidden=\"true\"\n\t\t\t>\n\t\t\t\t<p>It\u2019s a hard moment,<br \/>\nWhen your father dies<br \/>\nHard, when he was not only your father<br \/>\nBut also your friend<\/p>\n<p>The moment I stepped out to fetch water<br \/>\nMy father died<\/p>\n<p>O woe, mother \u2013 O worry and care<br \/>\nNow we are all alone<br \/>\nO woe, sister \u2013 O woe, brother<br \/>\nNow we are all alone<\/p>\n<p>My father was a sweet man<br \/>\nWith never a harsh word<br \/>\nWith a pure heart, free of evil<br \/>\nAnd he accepted me<\/p>\n<p>Sick now, he stands before us<br \/>\nBut don\u2019t tell him just yet<br \/>\nSick with cancer, he stands before us<br \/>\nBut don\u2019t tell him just yet<\/p>\n<p><em>Text &amp; Melody: Adir J. Tek\u00een<br \/>\nOriginal Language: Zaza<br \/>\nArrangement:<\/em>\u00a0Adir Jan<br \/>\nTranslation: Jill Denton<\/p>\n<h4>The soul will naturally leave its husk behind<br \/>\nand continue on its path.<br \/>\nIt is everlasting.<\/h4>\n\t\t\t<\/div>\n\t\t<\/div>\n\t\t\t<div class=\"sow-tabs-panel\">\n\t\t\t<div\n\t\t\t\tclass=\"sow-tabs-panel-content\"\n\t\t\t\trole=\"tabpanel\"\n\t\t\t\taria-hidden=\"true\"\n\t\t\t>\n\t\t\t\t<p>Wenn dein Vater stirbt<br \/>\nIst er hart, jener Moment<br \/>\nWenn er dir nicht nur ein Vater<br \/>\nSondern auch war dein Freund<\/p>\n<p>Ich schritt, \u2019was Wasser zu holen<br \/>\nDa mein Vater verstarb<\/p>\n<p>O weh, Mutter, o Kummer<br \/>\nAlleine sind wir nun<br \/>\nO weh, Schwester, o Bruder<br \/>\nAlleine sind wir \u00fcber<\/p>\n<p>Mein Vater war ein S\u00fc\u00dfer<br \/>\nEiner, der nie schimpft\u2019<br \/>\nEin reines Herz, von Bosheit frei<br \/>\nNahm er sich meiner an<\/p>\n<p>Krank ist er nun und steht vor uns<br \/>\nNur, saget es ihm nicht<br \/>\nKrebskranken ist er nun vor uns<br \/>\nNur, saget es ihm nicht<\/p>\n<p><em>Text &amp; Musik: Adir Jan<br \/>\nOriginalsprache: Zaza<br \/>\nArrangement:<\/em> <em>Dave Sills, <\/em><em>Conny Kreuter,<br \/>\n<\/em><em>Hogir G\u00f6regen, Adir Jan<\/em><\/p>\n<h4>Die Seele wird ihre H\u00fclle auf<br \/>\nnat\u00fcrlichem Wege verlassen<br \/>\nund weiter voranschreiten.<br \/>\nSie ist fortw\u00e4hrend.<\/h4>\n\t\t\t<\/div>\n\t\t<\/div>\n\t\t\t<div class=\"sow-tabs-panel\">\n\t\t\t<div\n\t\t\t\tclass=\"sow-tabs-panel-content\"\n\t\t\t\trole=\"tabpanel\"\n\t\t\t\taria-hidden=\"true\"\n\t\t\t>\n\t\t\t\t<p style=\"font-weight: 400\">Baban \u00f6ld\u00fc\u011f\u00fcnde<br \/>\nZordur, o an<br \/>\nSadece baban de\u011fil<br \/>\nArkada\u015f\u0131n idiyse<\/p>\n<p style=\"font-weight: 400\">Su almaya \u00e7\u0131km\u0131\u015ft\u0131m<br \/>\nBabam \u00f6ld\u00fc\u011f\u00fcnde<\/p>\n<p style=\"font-weight: 400\">Eyvah anam, eyvah<br \/>\nYaln\u0131z kald\u0131k biz<br \/>\nEyvah bac\u0131m, a\u011fabeyim<br \/>\nYaln\u0131z kald\u0131k biz<\/p>\n<p style=\"font-weight: 400\">Tatl\u0131 biriydi babam<br \/>\nAzarlamazd\u0131 kimseyi<br \/>\nTemiz bir kalbi vard\u0131, k\u00f6t\u00fcl\u00fck bilmezdi<br \/>\nBeni her\u015feyimle kabul etmi\u015fti<\/p>\n<p style=\"font-weight: 400\">Hasta d\u00fc\u015ft\u00fc, \u00f6n\u00fcm\u00fczde duruyor<br \/>\nSak\u0131n s\u00f6ylemeyin ona<br \/>\nKanser olmu\u015f, \u00f6n\u00fcm\u00fczde duruyor<br \/>\nSak\u0131n s\u00f6ylemeyin ona<\/p>\n<p style=\"font-weight: 400\"><i>S\u00f6z, M\u00fczik: Adir Jan<\/i><br \/>\n<i>Orijinal Dili: Zazaca<\/i><br \/>\n<i>Aranjman: Dave Sills, Conny Kreuter,<br \/>\nHogir G\u00f6regen, Adir Jan<\/i><br \/>\n<i>\u00c7eviri : Koray Y\u0131lmaz-G\u00fcnay<\/i>,\u00a0<i>Adir Jan<br \/>\n<\/i><\/p>\n<h4 style=\"font-weight: 400\"><i><br \/>\n<\/i><strong>Ruh, eceliyle kabu\u011fundan s\u0131yr\u0131l\u0131p<br \/>\nyoluna devam edecek.<br \/>\nRuh, zaman tan\u0131maz, daimdir.<\/strong><\/h4>\n\t\t\t<\/div>\n\t\t<\/div>\n\t\t<\/div>\n<\/div>\n<\/div><\/div><\/div><\/div><\/div>","protected":false},"excerpt":{"rendered":"<p>BAYK\u00ca MI DAD MEIN VATER BABAM Hela ke bayk\u00ea tu miren \u00c7en\u00eak zehmet o T\u00eana bayk tu nib\u00ee se \u00dbmbaz tu b\u00ee se Ez \u015fiyo, awk biyar\u00ee Bayk\u00ea mi merdo H\u00eawax day\u00ea, h\u00eawax\u00ea Ma t\u00eana m\u00eand\u00ee H\u00eawax way\u00ea, lo bira Ma t\u00eana &#8230;<\/p>\n<p> <a class=\"continue-reading-link\" href=\"https:\/\/adirjan.com\/?page_id=419\"><span>Weiterlesen<\/span><i class=\"crycon-right-dir\"><\/i><\/a> <\/p>\n","protected":false},"author":1,"featured_media":0,"parent":0,"menu_order":0,"comment_status":"closed","ping_status":"closed","template":"","meta":{"footnotes":""},"class_list":["post-419","page","type-page","status-publish","hentry"],"_links":{"self":[{"href":"https:\/\/adirjan.com\/index.php?rest_route=\/wp\/v2\/pages\/419","targetHints":{"allow":["GET"]}}],"collection":[{"href":"https:\/\/adirjan.com\/index.php?rest_route=\/wp\/v2\/pages"}],"about":[{"href":"https:\/\/adirjan.com\/index.php?rest_route=\/wp\/v2\/types\/page"}],"author":[{"embeddable":true,"href":"https:\/\/adirjan.com\/index.php?rest_route=\/wp\/v2\/users\/1"}],"replies":[{"embeddable":true,"href":"https:\/\/adirjan.com\/index.php?rest_route=%2Fwp%2Fv2%2Fcomments&post=419"}],"version-history":[{"count":9,"href":"https:\/\/adirjan.com\/index.php?rest_route=\/wp\/v2\/pages\/419\/revisions"}],"predecessor-version":[{"id":739,"href":"https:\/\/adirjan.com\/index.php?rest_route=\/wp\/v2\/pages\/419\/revisions\/739"}],"wp:attachment":[{"href":"https:\/\/adirjan.com\/index.php?rest_route=%2Fwp%2Fv2%2Fmedia&parent=419"}],"curies":[{"name":"wp","href":"https:\/\/api.w.org\/{rel}","templated":true}]}}