{"id":14,"date":"2018-12-05T19:37:09","date_gmt":"2018-12-05T18:37:09","guid":{"rendered":"http:\/\/adirjan.com\/wordpress2\/?page_id=14"},"modified":"2023-01-13T14:04:16","modified_gmt":"2023-01-13T13:04:16","slug":"lyrics","status":"publish","type":"page","link":"https:\/\/adirjan.com\/?page_id=14","title":{"rendered":"Lyrics"},"content":{"rendered":"<h2><img loading=\"lazy\" decoding=\"async\" class=\"alignright wp-image-365 size-full\" src=\"http:\/\/adirjan.com\/wordpress2\/wp-content\/uploads\/2019\/01\/S\u00eava-Sor-Art.jpg\" alt=\"\" width=\"300\" height=\"300\" srcset=\"https:\/\/adirjan.com\/wp-content\/uploads\/2019\/01\/S\u00eava-Sor-Art.jpg 300w, https:\/\/adirjan.com\/wp-content\/uploads\/2019\/01\/S\u00eava-Sor-Art-150x150.jpg 150w, https:\/\/adirjan.com\/wp-content\/uploads\/2019\/01\/S\u00eava-Sor-Art-250x250.jpg 250w\" sizes=\"auto, (max-width: 300px) 100vw, 300px\" \/>Lyrics &amp; Translations<\/h2>\n<h5><a href=\"http:\/\/adirjan.com\/mac\/\"><b>MA\u00c7<\/b><\/a><\/h5>\n<h5><a href=\"http:\/\/adirjan.com\/wordpress2\/asq-u-evin-love\/\">A\u015eQ \u00db EV\u00ceN (Love)<\/a><\/h5>\n<h5><a href=\"http:\/\/adirjan.com\/wordpress2\/keskesor-rainbow\/\">KESKESOR (Rainbow)<\/a><\/h5>\n<h5><a href=\"http:\/\/adirjan.com\/wordpress2\/bayke-mi-dad\/\">BAYK\u00ca MI (Dad)<\/a><\/h5>\n<h5><a href=\"http:\/\/adirjan.com\/wordpress2\/sengal-shengal\/\">\u015eENGAL (Shengal)<\/a><\/h5>\n<h5><a href=\"http:\/\/adirjan.com\/wordpress2\/off\">OFF<\/a><\/h5>\n<h5><a href=\"http:\/\/adirjan.com\/wordpress2\/janaki-mou\/\">JANAK\u00ce MOU<\/a><\/h5>\n<h5><a href=\"http:\/\/adirjan.com\/seva-sor-the-red-apple\/\">S<b>\u00ca<\/b>VA SOR (The Red Apple)<\/a><\/h5>\n<h5><a href=\"http:\/\/adirjan.com\/wordpress2\/na-no\/\">NA (No)<\/a><\/h5>\n<h5><a href=\"http:\/\/adirjan.com\/wordpress2\/tengo\/\">TENGO (Crushed)<\/a><\/h5>\n<h5><a href=\"http:\/\/adirjan.com\/wordpress2\/sana-ne-whats-it-to-you\/\">SANA NE (What\u2019s It To You?)<\/a><\/h5>\n<h5><a href=\"http:\/\/adirjan.com\/wordpress2\/yasmina\/\">YASM\u00ceNA<\/a><\/h5>\n<h5><a href=\"http:\/\/adirjan.com\/lyrics\/raziya\/\" target=\"_top\">RAZIYA<\/a><\/h5>\n","protected":false},"excerpt":{"rendered":"<p>Lyrics &amp; Translations MA\u00c7 A\u015eQ \u00db EV\u00ceN (Love) KESKESOR (Rainbow) BAYK\u00ca MI (Dad) \u015eENGAL (Shengal) OFF JANAK\u00ce MOU S\u00caVA SOR (The Red Apple) NA (No) TENGO (Crushed) SANA NE (What\u2019s It To You?) YASM\u00ceNA R&#8230;<\/p>\n<p> <a class=\"continue-reading-link\" href=\"https:\/\/adirjan.com\/?page_id=14\"><span>Weiterlesen<\/span><i class=\"crycon-right-dir\"><\/i><\/a> <\/p>\n","protected":false},"author":1,"featured_media":0,"parent":0,"menu_order":0,"comment_status":"closed","ping_status":"closed","template":"","meta":{"footnotes":""},"class_list":["post-14","page","type-page","status-publish","hentry"],"_links":{"self":[{"href":"https:\/\/adirjan.com\/index.php?rest_route=\/wp\/v2\/pages\/14","targetHints":{"allow":["GET"]}}],"collection":[{"href":"https:\/\/adirjan.com\/index.php?rest_route=\/wp\/v2\/pages"}],"about":[{"href":"https:\/\/adirjan.com\/index.php?rest_route=\/wp\/v2\/types\/page"}],"author":[{"embeddable":true,"href":"https:\/\/adirjan.com\/index.php?rest_route=\/wp\/v2\/users\/1"}],"replies":[{"embeddable":true,"href":"https:\/\/adirjan.com\/index.php?rest_route=%2Fwp%2Fv2%2Fcomments&post=14"}],"version-history":[{"count":25,"href":"https:\/\/adirjan.com\/index.php?rest_route=\/wp\/v2\/pages\/14\/revisions"}],"predecessor-version":[{"id":857,"href":"https:\/\/adirjan.com\/index.php?rest_route=\/wp\/v2\/pages\/14\/revisions\/857"}],"wp:attachment":[{"href":"https:\/\/adirjan.com\/index.php?rest_route=%2Fwp%2Fv2%2Fmedia&parent=14"}],"curies":[{"name":"wp","href":"https:\/\/api.w.org\/{rel}","templated":true}]}}